. Calculate the greatest common factor of 64 and g.
64
Let j = -38 - -47. Let y be (-8)/(-2 + 4) - 4836/(-13). Suppose y = 21*w - 577. What is the greatest common divisor of j and w?
9
Let y(u) = 7*u + 132. Let n be y(14). Suppose -3*r - 7*r + n = 0. Calculate the highest common factor of r and 253.
23
Let v be (-4)/(-14) + -974*108/(-63). Calculate the greatest common factor of v and 30.
10
Let d(l) = l**3 - 24*l**2 - 32*l + 227. Let f be d(27). What is the highest common divisor of f and 186?
62
Let k be (-9)/(-4) - (35/(-20) - -2). Suppose -k*c = -3*c + 3. Suppose 3 + 2 = p - c*h, 0 = -4*p - 3*h + 95. What is the greatest common factor of p and 5?
5
Suppose 2*t = 2*s + 66 + 24, 3*t - s - 131 = 0. Calculate the greatest common factor of 14061 and t.
43
Let z = -13201 + 13406. Calculate the greatest common factor of 14965 and z.
205
Let x = -5 + 13. Let c be -7 + (-20)/(-5) + 176/16. What is the highest common divisor of x and c?
8
Suppose 9*u - 24 = 6*u. Suppose u*v = -0*v + 40. Let p be (25/(-5))/v - -46. Calculate the highest common factor of 5 and p.
5
Let r = -46344 + 46716. What is the highest common divisor of 4619 and r?
31
Let h(w) = -7*w**3 + 3*w**2 + 39*w + 216. Let v be h(-7). What is the greatest common factor of 265 and v?
53
Suppose -5*i = 77 + 118. Let y = -36 - i. Let p be 48/72*-6*42/(-8). Calculate the highest common factor of y and p.
3
Suppose 4*i + 564 = 5*f, 81 = 4*f + 6*i - 407. Calculate the greatest common divisor of f and 12354.
58
Let k(c) = 83*c**2 - 4231*c - 78. Let f be k(51). What is the highest common factor of 3080 and f?
8
Let v(z) = z**2 + 26*z - 24. Let f(t) = -3*t**2 - 76*t + 72. Let b(p) = -2*f(p) - 7*v(p). Let o be b(-22). Calculate the highest common divisor of 5 and o.
5
Suppose 24*z - 7*z - 85 = 0. Suppose -z*m + 61 = -4*h, 26 = -0*m + 2*m - 2*h. What is the highest common divisor of 225 and m?
9
Let h = -10 - -16. Suppose -1490 = 15*s + 6250. Let u be -2 + (3/(-12) - s/16). What is the highest common divisor of u and h?
6
Suppose 0*p + 1814 = 3*p + 395. What is the greatest common factor of 2279 and p?
43
Let k(d) = -80*d + 22. Let p = -324 - -323. Let s be k(p). Calculate the greatest common divisor of s and 816.
102
Let k(w) = 73*w**2 - 71*w - 94. Let p be k(-12). What is the greatest common factor of 196 and p?
98
Suppose 49*x - 53*x = -240. Let m be 8/20*90*2. Suppose -2*z + m = z. What is the greatest common divisor of x and z?
12
Suppose -q = -5*q + 112. Let w be q/42 + (-7)/(-3). Suppose i + 12 = 4*x - i, -5*i - 2 = -w*x. Calculate the greatest common factor of x and 10.
2
Let n(f) = f**3 - 6*f**2 + f + 16. Let u be n(7). Let l be 2/20 + (-2394)/(-60). Calculate the greatest common factor of l and u.
8
Let w = 912 - 911. Let z be (-46)/(-8)*(5 - w). What is the highest common factor of z and 575?
23
Suppose -5*t + 3*v + 1 = -4*t, -3*v + 21 = -3*t. Let h(z) = 1 - z**3 - 10*z**2 - 2 + 13 + 11*z. Let p be h(t). What is the highest common factor of p and 18?
6
Let u = -5987 - -6014. What is the greatest common factor of u and 6066?
9
Let m(t) = 2*t**2 + 54*t - 129. Let p be m(-30). Calculate the highest common factor of p and 4131.
51
Let d(z) = 30*z - 59. Let v be d(7). Let q = -147 + v. Let k(x) = 6*x**2. Let f be k(-1). What is the greatest common factor of f and q?
2
Let p = 406 - 381. Suppose 5*w + p = 5*i, -2*i - w = -6*i + 11. Calculate the highest common divisor of 52 and i.
2
Suppose -1222 = -24*p + 28298. Calculate the highest common factor of p and 960.
30
Suppose 0 = -9*j - 762 + 942. Calculate the highest common divisor of 685 and j.
5
Suppose 0*h = -5*h - 2*r - 69, 0 = h - 2*r + 9. Let d be 6 + 1*-2 + 0/h. Suppose -33 = -d*v + 7. Calculate the greatest common factor of v and 5.
5
Let l(y) = y**2 - 48*y - 2754. Let j be l(102). Calculate the greatest common factor of j and 216.
54
Let u = 62 - -100. Suppose 0 = -172*f + 178*f - u. Let t(i) = i**2 - 13*i + 9. Let c be t(13). What is the greatest common factor of f and c?
9
Let v = 2483 + -1707. Calculate the greatest common divisor of 12 and v.
4
Let p be 1/((-6)/78) + 208. Calculate the greatest common factor of p and 60.
15
Suppose -4*a + 245 - 29 = 0. Suppose -18 = 6*k - a. Suppose 3*y - k*y = -285. Calculate the greatest common factor of y and 38.
19
Suppose 10*b + 108 = 858. Let t = -159 - -219. Calculate the greatest common factor of t and b.
15
Suppose 0 = -2*w - 2 + 12. Suppose -w*u = -5*a - 675, 5*u + 16*a - 11*a - 655 = 0. Calculate the highest common divisor of u and 21.
7
Let w(s) = 11*s**2 - 49*s + 21. Let z be w(10). Let m = z + 121. What is the greatest common divisor of 47 and m?
47
Let w(q) = -q**3 + 57*q**2 - 34*q - 363. Let a be w(56). What is the greatest common factor of a and 187?
11
Let j be -3 - ((-6)/(-8))/((-4)/32). Suppose -j*t - 23 = -35. Suppose t*u + 200 = 2*x, 4*x - 2*x - 155 = -5*u. What is the greatest common divisor of 10 and x?
10
Let o be 380/(-114)*(-6)/25*115. Suppose -4*b = -6 - 10. Calculate the highest common divisor of b and o.
4
Let c = 3585 + -3375. Let w be 2 - ((-2468)/24 - (-4)/(-24)). What is the highest common factor of c and w?
105
Let u(a) = a**3 - 6*a**2 - 19*a + 33. Let i be u(8). Suppose i*c - 324 = -9*c. What is the highest common divisor of c and 279?
9
Let t(c) = -113 + 22*c - 161 - 44. Let n be t(21). What is the greatest common divisor of n and 192?
48
Let a be 4/(-14) + 7755/70*70/21. What is the greatest common divisor of a and 328?
41
Let n = -337 - -593. Let q = 321 - n. What is the highest common divisor of 20 and q?
5
Let z = 62 - 26. Let l = 31 - z. Let i be 2/((40/(-132))/l). What is the highest common divisor of i and 264?
33
Suppose 2*n - 48 = -5*o + 99, -12 = 4*o. Calculate the highest common factor of 117 and n.
9
Let i = 373 + -368. Suppose -98 = -5*d + k, -i*k - 3 = 3*d - 73. What is the highest common factor of d and 5?
5
Suppose -4*v - 4*r + 148 = -2*r, -v + 44 = 4*r. Let w = -11 + v. What is the highest common factor of w and 400?
25
Let j(u) = 4*u**2 + 21*u - 4. Let t be j(-8). Let f be ((-88)/32 - -4)/(3/t). Let v be 4*-1*7/(-2). Calculate the greatest common factor of v and f.
7
Suppose -7*q + 6935 = -2*q. Let l be 19/3*(162 + -159). What is the highest common factor of l and q?
19
Let h be (36/(-90))/((-2)/60). Let k(g) = 35 - 14 + 6*g + 9. Let j be k(17). What is the highest common factor of h and j?
12
Suppose 29*b - 30*b + 24 = 0. Suppose 2*z - b = 5*w, -4*w + 8*w + 24 = 4*z. Suppose -z*d = 7*d - 432. Calculate the greatest common factor of d and 16.
16
Let j = 408125 - 408118. Let o = -129 - -192. Calculate the highest common divisor of o and j.
7
Suppose -2*u - 18 = 3*m - m, -4*m = 3*u + 34. Let x = m + 11. Suppose -o = -2*o + x*d + 52, 2*d = -o + 64. Calculate the greatest common factor of o and 6.
6
Let a(d) = 32*d + 200. Let r be a(48). What is the highest common factor of r and 8?
8
Suppose -2*f - k - 10 = 2*k, 3*k = 4*f + 38. Let z = f + 12. Let l be z/6 + 870/45. Calculate the highest common factor of 50 and l.
10
Let p(x) = -x**2 - 4*x + 1. Let v be p(-4). Suppose 4334*c = 4325*c + 8064. Let q = -887 + c. Calculate the highest common divisor of v and q.
1
Let h be (-3)/(((-3)/9)/1). Let v be (-20)/(-250)*6455 - (-6)/10. Suppose -v = -16*g + 779. What is the greatest common divisor of h and g?
9
Suppose 4*l = -12, -73506 = -5*m + 3*l + 39408. What is the greatest common divisor of m and 9?
9
Suppose -4*j = -j - 336. Let p(o) = -2*o**2 + 93*o + 831. Let z be p(54). Calculate the highest common divisor of j and z.
7
Let t = -3809 - -3873. What is the highest common divisor of t and 3920?
16
Let u = 5087 + -5031. What is the greatest common factor of u and 3052?
28
Suppose 0 = -19*c - 51 + 13. Let k be ((-4)/(-4))/(2/(c + 146)). Let v be (-14)/(-77) - 1978/(-11). What is the greatest common factor of v and k?
36
Let w = 28 + 16. Suppose -5*u = w - 59. Suppose 5*d + 4*z = d + 132, -u*d - 4*z = -100. Calculate the greatest common factor of 80 and d.
16
Suppose 5*i + s = 388, 4*i + 2*s - 83 = 3*i. Suppose 0 = -3*x + i + 64. What is the highest common factor of x and 423?
47
Suppose -8 = 4*f, 91 = 4*g - 4*f - 201. What is the greatest common factor of g and 10721?
71
Let q(n) = -n**3 - 9*n**2 - 9*n + 4. Let m be q(-8). Let w = 26 + 28. Let k be (-